{"id":1177,"date":"2022-11-16T01:00:43","date_gmt":"2022-11-16T00:00:43","guid":{"rendered":"https:\/\/v4.si\/?page_id=1177"},"modified":"2022-11-17T08:45:57","modified_gmt":"2022-11-17T07:45:57","slug":"zacetek","status":"publish","type":"page","link":"https:\/\/v4.si\/","title":{"rendered":"Nudimo celovite re\u0161itve na \u0161tirih podro\u010djih"},"content":{"rendered":"\n<h2 class=\"wp-block-heading\">Razvoj elektronike<\/h2>\n\n\n\n<div class=\"wp-block-media-text alignwide has-media-on-the-right is-stacked-on-mobile is-image-fill\"><div class=\"wp-block-media-text__content\">\n<p class=\"wp-block-paragraph\"><a href=\"https:\/\/v4.si\/index.php\/razvoj-elektronike\/\">Razvoj elektronike<\/a> sloni na dolgoletnih izku\u0161njah na razli\u010dnih podro\u010djih: <ul><li>Analogna, digitalna elektronika in vse kombinacije vmes<\/li><li>Naprave z nizko porabo<\/li><li>Mo\u010dnostna elektronika<\/li><li>Razvoj RF vezj do 6GHz<\/li><\/ul><p>&#8230; in tudi za razne aplikacije: <\/p><ul><li>Bela tehnika<\/li><li>Avtomobilska elektronika<\/li><li>Medicinske naprave<\/li><li>IoT<\/li><li>Komunikacije<\/li><\/ul><p>V procesu razvoja poskrbimo za hitro izdelavo prototipov, na\u010drtujemo tiskanine, skonstruiramo mehanske dele ali ohi\u0161ja, ki jih izdelamo s postopki hitrega prototipiranja na lastni opremi. <\/p><\/p>\n<\/div><figure class=\"wp-block-media-text__media\" style=\"background-image:url(https:\/\/v4.si\/wp-content\/uploads\/2022\/11\/teht5-1-546x1024.jpg);background-position:40% 41%\"><img loading=\"lazy\" decoding=\"async\" width=\"546\" height=\"1024\" src=\"https:\/\/v4.si\/wp-content\/uploads\/2022\/11\/teht5-1-546x1024.jpg\" alt=\"\" class=\"wp-image-1318 size-full\" srcset=\"https:\/\/v4.si\/wp-content\/uploads\/2022\/11\/teht5-1-546x1024.jpg 546w, https:\/\/v4.si\/wp-content\/uploads\/2022\/11\/teht5-1-160x300.jpg 160w, https:\/\/v4.si\/wp-content\/uploads\/2022\/11\/teht5-1-768x1440.jpg 768w, https:\/\/v4.si\/wp-content\/uploads\/2022\/11\/teht5-1-819x1536.jpg 819w, https:\/\/v4.si\/wp-content\/uploads\/2022\/11\/teht5-1.jpg 836w\" sizes=\"auto, (max-width: 546px) 100vw, 546px\" \/><\/figure><\/div>\n\n\n\n<h2 class=\"wp-block-heading\">Konstruiranje<\/h2>\n\n\n\n<div class=\"wp-block-media-text alignwide has-media-on-the-right is-stacked-on-mobile is-image-fill\"><div class=\"wp-block-media-text__content\">\n<p class=\"wp-block-paragraph\">V okviru razvojnih projektov ali kot samostojni projekt poskrbimo za konstrukcije mehanskih delov, pogonov, o\u017ei\u010denja, priprave modelov ohi\u0161ja ali predelave obstoje\u010dih elementov.<\/p>\n\n\n\n<p class=\"wp-block-paragraph\">Imamo izku\u0161nje z oblikovanjem in izdelavo kompleksnih mehanskih sistemov, vklju\u010dno s konstrukcijo orodij za brizganje plastike. <\/p>\n\n\n\n<p class=\"wp-block-paragraph\">Vzorce in manj\u0161e serije izdelamo na lastni opremi: <\/p>\n\n\n\n<ul class=\"wp-block-list\">\n<li>tri osni CNC obdelovalni stroj<\/li>\n\n\n\n<li>Stru\u017enica<\/li>\n\n\n\n<li>3D tiskalniki (FDM, TPU-FDM in <s>SLA<\/s>)<\/li>\n\n\n\n<li>Razrez in monta\u017ea profilov<\/li>\n\n\n\n<li>Sestavljanje in proizvodnja malih serij<\/li>\n\n\n\n<li>Hitro prototipiranje in sestavljanje<\/li>\n<\/ul>\n<\/div><figure class=\"wp-block-media-text__media\" style=\"background-image:url(https:\/\/v4.si\/wp-content\/uploads\/2022\/11\/radar_expl-1-1024x576.jpg);background-position:50% 50%\"><img loading=\"lazy\" decoding=\"async\" width=\"1024\" height=\"576\" src=\"https:\/\/v4.si\/wp-content\/uploads\/2022\/11\/radar_expl-1-1024x576.jpg\" alt=\"\" class=\"wp-image-1242 size-full\" srcset=\"https:\/\/v4.si\/wp-content\/uploads\/2022\/11\/radar_expl-1-1024x576.jpg 1024w, https:\/\/v4.si\/wp-content\/uploads\/2022\/11\/radar_expl-1-300x169.jpg 300w, https:\/\/v4.si\/wp-content\/uploads\/2022\/11\/radar_expl-1-768x432.jpg 768w, https:\/\/v4.si\/wp-content\/uploads\/2022\/11\/radar_expl-1-1536x864.jpg 1536w, https:\/\/v4.si\/wp-content\/uploads\/2022\/11\/radar_expl-1.jpg 1920w\" sizes=\"auto, (max-width: 1024px) 100vw, 1024px\" \/><\/figure><\/div>\n\n\n\n<h2 class=\"wp-block-heading\">Programiranje<\/h2>\n\n\n\n<div class=\"wp-block-media-text alignwide has-media-on-the-right is-stacked-on-mobile is-image-fill\"><div class=\"wp-block-media-text__content\">\n<p class=\"wp-block-paragraph\"> <p>Na podro\u010dju razvoja programske opreme nudimo storitve za: <\/p><ul><li>vgrajene sisteme <\/li><li>zaledne aplikacije in razvoj nadzornih sistemov<\/li><li>Vgrajene sistemske aplikacije, tudi na osnovi RTOS <\/li><li>Razvoj IoT in aplikacij za obla\u010dne shrambe<\/li><li>Podporne aplikacije za: <ul><li> testiranje <\/li><li>konfiguriranje in parametriziranje <\/li><li>podporo proizvodnji<\/li><\/ul> <\/li><\/ul><\/p>\n<\/div><figure class=\"wp-block-media-text__media\" style=\"background-image:url(https:\/\/v4.si\/wp-content\/uploads\/2022\/11\/se-win.jpg);background-position:50% 50%\"><img loading=\"lazy\" decoding=\"async\" width=\"1010\" height=\"598\" src=\"https:\/\/v4.si\/wp-content\/uploads\/2022\/11\/se-win.jpg\" alt=\"\" class=\"wp-image-1225 size-full\" srcset=\"https:\/\/v4.si\/wp-content\/uploads\/2022\/11\/se-win.jpg 1010w, https:\/\/v4.si\/wp-content\/uploads\/2022\/11\/se-win-300x178.jpg 300w, https:\/\/v4.si\/wp-content\/uploads\/2022\/11\/se-win-768x455.jpg 768w\" sizes=\"auto, (max-width: 1010px) 100vw, 1010px\" \/><\/figure><\/div>\n\n\n\n<h2 class=\"wp-block-heading\">Testiranje<\/h2>\n\n\n\n<div class=\"wp-block-media-text alignwide has-media-on-the-right is-stacked-on-mobile is-image-fill\"><div class=\"wp-block-media-text__content\">\n<p class=\"wp-block-paragraph\">Na podro\u010dju razvoja programske opreme nudimo storitve za: <\/p>\n\n\n\n<ul class=\"wp-block-list\">\n<li>vgrajene sisteme <\/li>\n\n\n\n<li>zaledne aplikacije in razvoj nadzornih sistemov<\/li>\n\n\n\n<li>Vgrajene sistemske aplikacije, tudi na osnovi RTOS <\/li>\n\n\n\n<li>Razvoj IoT in aplikacij za obla\u010dne shrambe<\/li>\n\n\n\n<li>Podporne aplikacije za:\n<ul class=\"wp-block-list\">\n<li> testiranje <\/li>\n\n\n\n<li>konfiguriranje in parametriziranje <\/li>\n\n\n\n<li>podporo proizvodnji<\/li>\n<\/ul>\n<\/li>\n<\/ul>\n<\/div><figure class=\"wp-block-media-text__media\" style=\"background-image:url(https:\/\/v4.si\/wp-content\/uploads\/2022\/11\/5v-1024x760-1.jpg);background-position:50% 50%\"><img loading=\"lazy\" decoding=\"async\" width=\"1024\" height=\"760\" src=\"https:\/\/v4.si\/wp-content\/uploads\/2022\/11\/5v-1024x760-1.jpg\" alt=\"\" class=\"wp-image-1226 size-full\" srcset=\"https:\/\/v4.si\/wp-content\/uploads\/2022\/11\/5v-1024x760-1.jpg 1024w, https:\/\/v4.si\/wp-content\/uploads\/2022\/11\/5v-1024x760-1-300x223.jpg 300w, https:\/\/v4.si\/wp-content\/uploads\/2022\/11\/5v-1024x760-1-768x570.jpg 768w\" sizes=\"auto, (max-width: 1024px) 100vw, 1024px\" \/><\/figure><\/div>\n","protected":false},"excerpt":{"rendered":"<p>Razvoj elektronike Razvoj elektronike sloni na dolgoletnih izku\u0161njah na razli\u010dnih podro\u010djih: Analogna, digitalna elektronika in vse kombinacije vmes Naprave z nizko porabo Mo\u010dnostna elektronika Razvoj RF vezj do 6GHz &#8230; in tudi za razne aplikacije: Bela tehnika Avtomobilska elektronika Medicinske naprave IoT Komunikacije V procesu razvoja poskrbimo za hitro izdelavo prototipov, na\u010drtujemo tiskanine, skonstruiramo mehanske [&hellip;]<\/p>\n","protected":false},"author":1,"featured_media":0,"parent":0,"menu_order":0,"comment_status":"closed","ping_status":"closed","template":"page.php","meta":{"_coblocks_attr":"","_coblocks_dimensions":"","_coblocks_responsive_height":"","_coblocks_accordion_ie_support":"","_crdt_document":"","footnotes":""},"class_list":["post-1177","page","type-page","status-publish","hentry"],"_links":{"self":[{"href":"https:\/\/v4.si\/index.php\/wp-json\/wp\/v2\/pages\/1177","targetHints":{"allow":["GET"]}}],"collection":[{"href":"https:\/\/v4.si\/index.php\/wp-json\/wp\/v2\/pages"}],"about":[{"href":"https:\/\/v4.si\/index.php\/wp-json\/wp\/v2\/types\/page"}],"author":[{"embeddable":true,"href":"https:\/\/v4.si\/index.php\/wp-json\/wp\/v2\/users\/1"}],"replies":[{"embeddable":true,"href":"https:\/\/v4.si\/index.php\/wp-json\/wp\/v2\/comments?post=1177"}],"version-history":[{"count":28,"href":"https:\/\/v4.si\/index.php\/wp-json\/wp\/v2\/pages\/1177\/revisions"}],"predecessor-version":[{"id":1319,"href":"https:\/\/v4.si\/index.php\/wp-json\/wp\/v2\/pages\/1177\/revisions\/1319"}],"wp:attachment":[{"href":"https:\/\/v4.si\/index.php\/wp-json\/wp\/v2\/media?parent=1177"}],"curies":[{"name":"wp","href":"https:\/\/api.w.org\/{rel}","templated":true}]}}